- 5*d = -15, 2*m + 0*m + 2*d - 10 = 0. What is the units digit of m?
0
Let l = -2 + 4. Suppose 0 = 2*a + 10, -l*a - 6 = 3*y - 5*a. Let k = y + 10. What is the units digit of k?
3
Suppose -3*p + 394 = 5*f, -2*f = 2 - 0. What is the units digit of p?
3
Let f(x) = 3*x - 9. Let v(i) = -i**3 - 7*i**2 + 8*i. Let t be v(-8). Suppose 2*c = 4*q + q + 20, q = t. What is the tens digit of f(c)?
2
Suppose 2*o - 3*h = -h + 36, -4*o + 90 = 5*h. What is the units digit of o?
0
Suppose -2*s = 2*z - 4, s - 3 = -2*z + 1. Let u(c) = 3 - 2*c**z + 6 + c**2. What is the units digit of u(0)?
9
Suppose -j = 3*u + 31, 5*u + 53 = -2*j - j. Let p = 31 + u. Suppose w - 4*w + p = 0. What is the units digit of w?
7
Suppose 4*s - s = -2*i + 14, 5*i + 2*s = 46. What is the tens digit of i?
1
Suppose 699 = 9*o + 249. What is the tens digit of o?
5
Let v(m) = 2*m**3 - 8*m**2 + 3*m - 8. What is the hundreds digit of v(6)?
1
Let r be 6 - 3*(-3)/(-9). What is the units digit of 26/4*10/r?
3
Suppose 3*b - 3 = 0, 0 = 2*h + b + 2*b - 9. Suppose g = -h*g + 200. What is the units digit of g?
0
Let k(p) = -p**3 + 4*p**2 + 2*p - 6. Suppose 2*m + 0*m - 8 = 0. What is the units digit of k(m)?
2
Let y be 5*(-2)/(-1 - 1). Suppose -4*b - 4*m = -0*b - 12, -15 = -y*m. Suppose 4 = 4*f - b*f. What is the units digit of f?
1
Let a(d) = 2*d - 14. Let s be a(7). Let q(x) = -3 + 18 - 3*x + 4*x. What is the tens digit of q(s)?
1
Let l = 19 - 33. What is the tens digit of ((-20)/l)/((-3)/(-21))?
1
Let u = -10 + 14. Suppose -v = u*n - 23, -3*v - 15 = -2*n - 56. What is the units digit of v?
5
Let t = 7 - 2. Suppose 2*l = 0, b + 2*b - 18 = -2*l. Let q = b - t. What is the units digit of q?
1
Let j be (-1)/(2/4) + 4. What is the tens digit of (-111)/(-5) - j/10?
2
Suppose 2*r - 5*b = -2*r + 271, -3*b - 137 = -2*r. What is the units digit of r?
4
Suppose p + 70 = -4*p. Let c = 37 + p. What is the units digit of c?
3
Suppose -5*b + 400 + 55 = 0. What is the units digit of b?
1
Let p be 4 + (-6*1)/3. Suppose p*w - 22 = -3*x - 2*w, 2*x + 5*w = 17. What is the units digit of x?
6
Suppose 4*y - 73 = 59. What is the tens digit of y?
3
Let l = -8 + 12. Suppose -4*f - 3*a - a + 164 = 0, -3*f - l*a + 121 = 0. What is the units digit of f?
3
Suppose 0 = 8*q - 12*q + 104. Let m be (-5)/((-2)/(-2)) + -1. Let a = m + q. What is the units digit of a?
0
What is the tens digit of -14*(2 + -3 - 1)?
2
Let y be (-5 - 0)*(3 - 4). Suppose -3*s - 3*n + n = -80, 5*s = -y*n + 140. What is the tens digit of s?
2
Let c(j) = 0*j**2 + j - 3*j + j**2. Let l be ((-6)/5)/(3*6/(-45)). What is the units digit of c(l)?
3
Let u be -2 - 1 - (2 + -10). Suppose 4*b - u*t = 47, 3*b + 1 = 5*b + 5*t. What is the tens digit of 344/32 + 2/b?
1
Let h(z) = -z. Let p be h(-9). Let x = 5 + p. What is the tens digit of x?
1
Suppose -4*n + 2*p = -136, -4*n - p + 132 = -5*p. What is the units digit of n?
5
Suppose 2*f = -m + 5*f + 23, f - 31 = -m. What is the tens digit of m?
2
What is the units digit of (-88)/(-20) + (-2)/5?
4
Suppose 0*s + 5*s = w + 53, -4*s + 46 = w. What is the units digit of (-8 + 2)*s/(-2)?
3
Let g(p) be the second derivative of -p**4/12 - 3*p**3/2 - p**2/2 + 2*p. Let f = 21 - 29. What is the units digit of g(f)?
7
Let b = -19 + 47. Let t = b + -1. What is the units digit of t?
7
Suppose 0 = h - 4*h + 3. Suppose 2*q - 1 = h. What is the units digit of q?
1
Let z(l) = l**3 + 6*l**2 + 5*l - 6. Let w be z(-5). Let f be (-126)/w + 0 + -1. Suppose 0*u - 67 = -4*g - u, -4*u = f. What is the tens digit of g?
1
Suppose 2*k + m = 91, -3*m - 79 = k - 3*k. What is the units digit of k?
4
Let c(u) = 4*u. Suppose -4*p - 9 = -p. Let k be ((-1)/3*p)/1. What is the units digit of c(k)?
4
Suppose 8*c - 3*c = 25. Suppose -c - 25 = -3*p. What is the tens digit of p?
1
Suppose 5*i - 130 = -2*l + i, -286 = -4*l + 5*i. What is the units digit of l?
9
Let a(c) be the second derivative of c**5/20 + 7*c**4/12 + 2*c**3/3 - 7*c**2/2 - 6*c. What is the units digit of a(-6)?
5
Let c = -73 + 150. What is the tens digit of c?
7
Suppose -79 = -4*y + 117. What is the units digit of y?
9
Suppose j + 4*j - 3*v - 273 = 0, 4*j = 5*v + 208. What is the tens digit of j?
5
Let h(o) = 2*o. Let g(t) = 4*t. Let p(u) = 6*g(u) - 10*h(u). Suppose 2*n + n - 3 = 0. What is the units digit of p(n)?
4
Let l(d) = 4*d**2 - 3*d - 1. Let x be l(3). Let w = -14 - -2. Let p = x + w. What is the units digit of p?
4
Let d(c) be the second derivative of -2*c**3/3 - 2*c**2 + 5*c. What is the units digit of d(-7)?
4
Let l(k) = k + 6. Let i be l(-6). Let m = i + 2. Suppose -9 = -n - m*n. What is the units digit of n?
3
Suppose 3 = 3*i - 3*d, 5*d - 4 = i + 3. Suppose 6*n = n - 3*y - 2, -4*n + 20 = -i*y. Suppose 5*w - n*w - 24 = 0. What is the units digit of w?
8
Suppose 4*g = 88 + 60. What is the tens digit of g?
3
Suppose 7*z = 3*z + 376. What is the units digit of z?
4
Let u be (-162)/(-8) + (-4)/16. Let f be 4*(u/2)/2. Suppose 6*o - 2*o = f. What is the units digit of o?
5
Let r be 21/(-28) + 66/(-8). Let l be r/(-2)*(0 - -4). Suppose 0 = n + n - l. What is the units digit of n?
9
Suppose -6*v + 8*v + 80 = 0. What is the tens digit of (-91)/(-4) + (-10)/v?
2
Let m = -19 + 23. Suppose 5*j - 172 = 3*y, 2 = m*j + 4*y - 142. What is the units digit of j?
5
Let a = -5 + 14. Suppose g + 3*g - a = -3*o, 0 = o + 5. Suppose y + y - g = 0. What is the units digit of y?
3
Let i be -2 - (-7 - -1)*1. Suppose k - i*k + 27 = 0. What is the units digit of k?
9
Let b = -10 + 17. Suppose -4*j = -27 + b. Let h(g) = -g**2 + 4*g + 6. What is the units digit of h(j)?
1
Let g = 4 + 0. Suppose -g*d = -3*d - 3. Suppose d*o = 2*o + 9. What is the units digit of o?
9
Let m(x) = -x**3 + 5*x**2 + 5*x - 9. Let v be m(6). Let c be ((-36)/v)/((-2)/(-10)). Suppose 4*h = -0*h + c. What is the units digit of h?
3
Suppose 2*g = 5 + 1. Suppose -5*a + g*a = 10. Let x(y) = -y**2 - 6*y + 3. What is the units digit of x(a)?
8
Suppose -3*r + 6*r - 132 = 0. What is the tens digit of r?
4
Let i(x) be the third derivative of -x**4/24 - x**3/6 - 14*x**2. Suppose 2*a - 2 = 3*z, -z - 2 = 3*z - 3*a. What is the units digit of i(z)?
1
Let j = 11 - 7. Suppose 0*o = o - j. What is the units digit of o?
4
Suppose -s + 5*h = 4*s - 1350, 0 = 5*s - 3*h - 1344. What is the units digit of s?
7
Suppose -3*i + 37 = -5*b, 24 = -2*i - 5*b + 7. Let a = i + 6. What is the units digit of a?
0
Let d = -1 - -3. Suppose -h + 43 = d*h - z, -2*z + 26 = h. What is the units digit of h?
6
Let p = 25 - -233. What is the hundreds digit of p?
2
Suppose -7 = -2*d + 51. Suppose -d - 3 = -2*x. Suppose -6*s = -2*s - x. What is the units digit of s?
4
Let f be -3 + 5 + -4 + 1. Let j(g) = 5*g**2 + g + 1. What is the units digit of j(f)?
5
What is the tens digit of (-7410)/(-25) - 9/(-15)?
9
Let y(b) = b**2 - 1. Let l be y(1). Let h be 3/(-2)*(-8)/6. Let g = h - l. What is the units digit of g?
2
Suppose 5 = 3*p + 2*p. What is the tens digit of p + 10*(-2)/(-2)?
1
Suppose -90 = 5*m - 3*m. Let f = -23 - m. What is the units digit of f?
2
Suppose -5*l + 5 = 0, 5*h + 2*l + 3 = 5. Suppose h = 3*p - 34 + 10. What is the units digit of p?
8
Let f = 108 + 159. What is the tens digit of f?
6
Suppose 6 = 4*v - v. Suppose 2*k = -3*x + 11 - v, -2*x - 2*k = -8. What is the units digit of x?
1
Suppose -4 + 20 = 2*s. Let k = s - -1. What is the units digit of k?
9
Let d be -2*(-3 - (-6)/4). Suppose d*c - 14 = 5*s, 0*s + s = -1. What is the units digit of c?
3
Suppose 3*d + 2*l - 180 = -0*d, 5*l = 5*d - 275. Suppose -d = -13*i + 11*i. What is the tens digit of i?
2
Let a(z) = -z**3 - 3*z + 48. What is the tens digit of a(0)?
4
Suppose 6 = -0*l + l. Let g be l/1 - (2 + 0). What is the units digit of 5/g + 2/(-8)?
1
Let t be 0/(-1) - 141*2. What is the units digit of t/(-22) - 6/(-33)?
3
Let j(f) = -9*f - 1. Let r be j(-1). Let c = r - 16. What is the units digit of (c/(-10))/(8/60)?
6
Let r = 72 + -48. What is the tens digit of r?
2
Let p be (3 + -3)/(1 + 0). Let u(h) = -1 - 3*h + p + 4*h. What is the units digit of u(4)?
3
Let a be 6/4 - 4/8. Let h(t) = -4*t + 15*t - a + 0. What is the tens digit of h(1)?
1
Suppose -5*p = -4*p - 34. Suppose 3*s - p = -10. What is the units digit of s?
8
Let j = -13 + 9. Let d = j - -9. What is the units digit of d?
5
Let x be -1 + (-8)/(2 - 3). Su